
110000101110
Convert -122 (base 3) to base 10.
-17
Convert 111101010000 (base 2) to base 9.
5335
1222 (base 10) to base 8
2306
What is 110101 (base 3) in base 14?
19c
Convert 6324 (base 7) to base 13.
1020
What is b62 (base 16) in base 14?
10c2
603 (base 8) to base 4
12003
Convert -425 (base 12) to base 16.
-25d
Convert -411314 (base 5) to base 14.
-4c06
What is 6324 (base 8) in base 6?
23112
Convert -10120 (base 9) to base 16.
-1a04
Convert -201 (base 3) to base 10.
-19
-1020011111 (base 3) to base 8
-57162
1991 (base 14) to base 4
1020123
Convert -10110100011001 (base 2) to base 5.
-332140
133201 (base 8) to base 6
1000145
-10000 (base 6) to base 9
-1700
-8c0 (base 15) to base 8
-3674
What is 24 (base 11) in base 6?
42
7213 (base 15) to base 14
8acd
-2d5 (base 15) to base 5
-10100
Convert 22f9 (base 16) to base 3.
110021121
Convert 527 (base 11) to base 13.
39a
What is -9260 (base 10) in base 16?
-242c
Convert -167 (base 12) to base 7.
-436
Convert 135 (base 9) to base 3.
11012
-1711b (base 12) to base 3
-1200021012
23113 (base 4) to base 9
887
100101100101010 (base 2) to base 12
b176
What is -1111110111000001 (base 2) in base 6?
-1220425
-1340a (base 12) to base 16
-678a
-23312 (base 5) to base 11
-1312
259a (base 11) to base 12
1b54
-459c (base 16) to base 14
-66cc
37500 (base 11) to base 5
3210340
33351 (base 7) to base 4
2003133
12680 (base 12) to base 2
110001001000000
1647 (base 14) to base 6
30235
What is 120133 (base 4) in base 13?
937
-115445 (base 6) to base 12
-5b85
520 (base 12) to base 3
1000120
What is 1100001101100 (base 2) in base 11?
4774
What is 22471 (base 9) in base 3?
202112101
2a3cb (base 13) to base 15
1897b
Convert -1a9 (base 16) to base 2.
-110101001
1140a (base 14) to base 15
c66e
-54bd (base 15) to base 7
-103225
What is 61 (base 14) in base 13?
67
Convert -267 (base 16) to base 14.
-31d
What is -24a (base 11) in base 7?
-602
Convert 13380 (base 10) to base 16.
3444
What is 421543 (base 6) in base 9?
51720
What is 1807 (base 10) in base 15?
807
Convert -121111 (base 3) to base 8.
-675
81b (base 15) to base 8
3442
Convert 100122220 (base 3) to base 13.
328b
What is -682 (base 15) in base 3?
-2000112
100301 (base 4) to base 7
3062
Convert 13330 (base 5) to base 6.
5014
Convert -314252 (base 6) to base 2.
-110001111111000
Convert -121310 (base 5) to base 14.
-1952
Convert -1517 (base 11) to base 6.
-13014
-4ee (base 16) to base 13
-761
What is -33b1 (base 16) in base 8?
-31661
Convert -131a (base 16) to base 15.
-16b0
-101001000 (base 2) to base 16
-148
Convert -45b (base 16) to base 5.
-13430
Convert 1010111001 (base 2) to base 5.
10242
212101211 (base 3) to base 4
10022203
What is 2282 (base 10) in base 6?
14322
Convert -4126 (base 10) to base 12.
-247a
Convert 4a48 (base 13) to base 15.
31c8
332022 (base 5) to base 8
26370
-200220 (base 3) to base 13
-303
-15003 (base 10) to base 12
-8823
1600 (base 10) to base 3
2012021
Convert 18b63 (base 13) to base 4.
23233031
10001000010 (base 2) to base 10
1090
What is 16861 (base 11) in base 3?
1012110101
What is -27712 (base 12) in base 9?
-82785
Convert 1022212012 (base 3) to base 7.
136133
Convert -5b44 (base 13) to base 4.
-3021210
-3210111 (base 4) to base 13
-6861
Convert -11211 (base 5) to base 7.
-2231
Convert -2436 (base 9) to base 12.
-1073
Convert -1417 (base 12) to base 6.
-14431
Convert -1000010111 (base 2) to base 8.
-1027
-2651 (base 9) to base 3
-2201201
Convert -407 (base 10) to base 11.
-340
4439 (base 12) to base 9
11300
What is -806 (base 16) in base 15?
-91e
What is -104 (base 16) in base 4?
-10010
Convert 1344231 (base 5) to base 7.
144553
What is -269 (base 12) in base 13?
-225
Convert 5315 (base 10) to base 16.
14c3
Convert 234b (base 15) to base 7.
30566
-122172 (base 8) to base 5
-2321411
-96c (base 16) to base 12
-1490
Convert 1095 (base 13) to base 8.
4417
Convert 81a (base 11) to base 5.
12424
What is 411303 (base 6) in base 15?
9a6c
What is 312202 (base 4) in base 13?
1786
What is 323411 (base 5) in base 12?
6516
What is 1210102 (base 3) in base 15?
5c2
a134 (base 14) to base 2
110110000100010
Convert -113224 (base 5) to base 14.
-1753
Convert 5100 (base 9) to base 5.
104401
What is 83347 (base 9) in base 14?
1605b
Convert -77 (base 10) to base 5.
-302
What is b49 (base 13) in base 16?
780
Convert 93 (base 11) to base 6.
250
-2778 (base 12) to base 6
-33032
252 (base 6) to base 13
80
Convert 25205 (base 6) to base 4.
322211
Convert 727 (base 11) to base 3.
1012110
What is 6a9 (base 12) in base 16?
3e1
a715 (base 13) to base 9
34705
What is -9607 (base 13) in base 11?
-14694
What is -1000200 (base 3) in base 6?
-3243
Convert -93 (base 10) to base 11.
-85
Convert 12516 (base 9) to base 16.
20f7
Convert -2e8 (base 16) to base 4.
-23220
Convert -42201 (base 5) to base 7.
-11111
21430 (base 5) to base 14
786
Convert -526 (base 11) to base 10.
-633
Convert -39800 (base 10) to base 14.
-1070c
216 (base 15) to base 6
2103
What is 136321 (base 7) in base 13?
bc29
What is -66 (base 7) in base 5?
-143
Convert -416c (base 14) to base 16.
-2c04
-13032 (base 7) to base 14
-1389
-11531 (base 6) to base 3
-2100101
Convert 48 (base 16) to base 15.
4c
What is -f7 (base 16) in base 2?
-11110111
What is -968 (base 12) in base 13?
-81b
What is 25575 (base 8) in base 9?
16240
5319 (base 15) to base 11
12227
Convert -2026 (base 8) to base 7.
-3023
Convert 21888 (base 14) to base 3.
11010110210
17627 (base 9) to base 6
132211
What is -3a6 (base 13) in base 3?
-212211
-566 (base 7) to base 2
-100100101
230003 (base 4) to base 3
10212102
-41411 (base 7) to base 11
-7699
Convert -38bb (base 16) to base 3.
-201220220
Convert 1201042 (base 5) to base 12.
108b2
Convert 22403 (base 5) to base 13.
964
What is -111010010011 (base 2) in base 10?
-3731
What is -3740 (base 13) in base 9?
-11655
Convert -5ba (base 12) to base 3.
-1011221
-31343 (base 5) to base 7
-6055
Convert -396 (base 12) to base 5.
-4141
What is -20787 (base 10) in base 14?
-780b
What is -6899 (base 14) in base 5?
-1040132
Convert -64334 (base 7) to base 6.
-201502
-10000000011 (base 2) to base 16
-403
19a9 (base 11) to base 5
40124
-3bc (base 16) to base 4
-32330
What is -1013440 (base 5) in base 8?
-40551
-ccad (base 14) to base 10
-35433
-1b95 (base 13) to base 5
-113203
9916 (base 11) to base 5
404320
203 (base 11) to base 12
185
1c43 (base 15) to base 13
2a42
-15103 (base 11) to base 10
-21420
530553 (base 6) to base 15
cb06
What is 6d7 (base 16) in base 7?
5051
Convert -5645 (base 10) to base 16.
-160d
What is -e06 (base 15) in base 13?
-158a
Convert 1212000 (base 3) to base 15.
600
Convert -21134 (base 5) to base 13.
-852
2221 (base 10) to base 11
173a
What is -6413 (base 8) in base 10?
-3339
Convert -159 (base 13) to base 9.
-300
Convert 1a2b (base 13) to base 9.
5340
31 (base 9) to base 16
1c
1110110001011 (base 2) to base 3
101101010
3368 (base 10) to base 13
16c1
What is 1124 (base 7) in base 5?
3120
What is 252 (base 15) in base 6?
2235
What is -1322 (base 6) in base 11?
-288
44 (base 10) to base 4
230
943 (base 12) to base 9
1756
Convert 22436 (base 9) to base 4.
3221121
What is -95 (base 14) in base 16?
-83
What is -7d (base 16) in base 4?
-1331
Convert 9503 (base 10) to base 8.
22437
What is 1210100 (base 4) in base 11?
4903
What is 1481 (base 13) in base 10?
2978
-4422 (base 6) to base 2
-1111111110
401 (base 6) to base 2
10010001
What is -597 (base 13) in base 7?
-2553
What is -1440402 (base 5) in base 12?
-15947
10001110111 (base 2) to base 14
5b9
What is 1100110 (base 3) in base 8?
1730
What is -1531 (base 6) in base 7?
-1132
Convert -977 (base 12) to base 15.
-627
Convert -750 (base 9) to base 5.
-4422
What is 2210300 (base 5) in base 14?
dcc8
-1885 (base 11) to base 12
-1474
-702 (base 9) to base 2
-1000111001
Convert -1603 (base 7) to base 8.
-1200
Convert 1012221 (base 3) to base 7.
2410
Convert -21110 (base 3) to base 10.
-201
Convert 140034 (base 6) to base 13.
5ba8
-13816 (base 9) to base 11
-7086
Convert 2b1 (base 12) to base 15.
1d1
23777 (base 8) to base 9
15036
-202010 (base 3) to base 2
-1000011111
What is 3212321 (base 4) in base 10?
14777
-1221424 (base 5) to base 11
-16610
Convert -70035 (base 8) to base 15.
-8786
What is 11520 (base 8) in base 6?
34520
1999 (base 10) to 